v**3/3 - 3*v**2/2 - 4*v - 6. Give b(3).
-4
Let q(n) = n**2 - 5*n - 1. Let b be (-9)/(6 + -2 - (-33)/(-6)). Determine q(b).
5
Let y(k) be the second derivative of -k**3/6 + 3*k**2/2 - 2*k. Let q(u) = 3*u - 4. Let p be q(3). Calculate y(p).
-2
Let b(p) = -p**2 + 3*p + 4. Let k be b(3). Let j = k + -1. Let l(y) = 5 - y - 2 - 1. What is l(j)?
-1
Suppose 3*j = -4*l + 22, -2*l + j - 6 = -3*l. Let a(x) = 2*x**2 - x + 2. Let u(k) = -3*k**2 + 2*k - 2. Let c(d) = l*a(d) + 3*u(d). Determine c(3).
-1
Let a(o) = 2 + 3*o - 1 - 3 - o. Calculate a(6).
10
Let g(j) = -4*j**2 + j - 1. Suppose 6*p - 31 + 19 = 0. Determine g(p).
-15
Let v(r) = -r**3 + 4*r**2 + 4*r - 1. Let u = 8 + -4. Calculate v(u).
15
Let i = -25 + 18. Let x(k) = -k + 2. Determine x(i).
9
Let t be 8/(-12) + 66/(-9). Let g(q) = q**3 + 7*q**2 - 8*q + 2. What is g(t)?
2
Let a(n) = n**2 + 6*n - 1. Suppose 0 = -4*v + 2*v. Suppose 0 = -3*k - 15, 5*k + 31 + v = -y. What is a(y)?
-1
Let o(k) = -3*k + 3. Suppose z = -3, 0*z - z = 3*i - 375. Let t be (-6)/(-15) - i/(-10). Suppose 2*n - 10 = 5*d - 2*n, 3*n - t = d. What is o(d)?
-3
Let r = -1 + 1. Let b(y) be the third derivative of -y**6/120 - y**5/60 + 2*y**3/3 + 7*y**2. Determine b(r).
4
Let p(o) = o**3 - 5*o**2 - 6*o + 7. Suppose -v + 7 - 1 = 0. Determine p(v).
7
Let z(w) = -2*w + 12. Let p be z(3). Let l(j) be the third derivative of 1/120*j**p + j**2 + 0*j - j**3 + 1/12*j**5 + 0 - 1/24*j**4. Calculate l(-5).
-1
Let t = 6 + -7. Let c(u) = 3*u. What is c(t)?
-3
Let d = 3 - 0. Let k(f) = -d*f**2 + f**3 - 6*f + 1 + 0 + 3. Suppose 22 = 5*h + 2. What is k(h)?
-4
Let h(c) = 0*c**2 - 2*c**3 - 3*c**3 + 4*c**3 + c**2 + 1. Determine h(2).
-3
Suppose -3*m - 48 = -7*m. Suppose -t + d = 0, m = 2*t + 2*d - 4. Let l(b) be the second derivative of b**4/12 - 2*b**2 + 2*b. Give l(t).
12
Let n(l) = -l**2 - 7*l - 3. Let d(t) = t - 12. Let o be d(0). Let q = o - -7. What is n(q)?
7
Suppose 112 = n + 106. Let w(d) = -d**2 + 7*d - 8. Give w(n).
-2
Let m = -3 - -15. Let k be (-9)/(-4) + (-3)/m. Let j(u) = u**3 - 2*u**2 + 2*u + 1. Determine j(k).
5
Let h be -1 - (-1 - (-1 - 0)). Let a be (-4 - h)*(-2)/(-3). Let v(f) = -f**3 + 4*f**2 + 2*f + 2*f**3 - 4*f - f**2. Determine v(a).
8
Let j(s) = 4*s**3 + 2*s + 1. Suppose -1 = 5*u + 2*h, u + 5*h - 13 = 4*u. Determine j(u).
-5
Let m(n) = 4*n + 2. Let b = -14 - -11. What is m(b)?
-10
Let m(u) be the first derivative of u**3/3 + 3*u**2 + 3*u + 1. Let k = 93 - 98. Give m(k).
-2
Let v(w) = -w - 2. Let r(y) = y**2 + 6*y - 5. Let l be r(-7). Give v(l).
-4
Suppose -13*f + 15 = -50. Let x(d) = d**2 - 6*d + 6. Calculate x(f).
1
Suppose -2*o - 4 = -6*o. Let a(x) = 26*x - 11. Let i(b) = 17*b - 7. Let g(t) = -5*a(t) + 8*i(t). Give g(o).
5
Let x be (-21)/(-35)*10/2. Let z(k) = -6*k**2 - 3*k + 3 + 0*k**x - k**3 + 2*k**2. What is z(-3)?
3
Let c = 18 + -17. Let f(o) be the second derivative of o**4/12 + o**3/6 - o. Let t(p) = p**3 + 7*p**2 + p + 4. Let q(w) = c*f(w) - t(w). Give q(-6).
-4
Let x(i) be the second derivative of i**6/120 + i**5/30 + i**4/24 + 2*i**3/3 + 4*i**2 + 5*i. Let k(d) be the first derivative of x(d). What is k(-3)?
-8
Suppose -f - 17 = 3*k + k, f + k = -2. Let y(n) = -4*n**3 - 6*n - 2*n**2 + 5*n**f - 3*n**2 - 7. Calculate y(6).
-7
Let k(h) = 2*h**3 + h**2 - 3*h - 2. Let f be (-1)/3*(4 + 2). What is k(f)?
-8
Let a(u) = 3*u**2 + 3*u - 71. Let i(o) = -o**2 - o + 24. Let l(k) = 4*a(k) + 11*i(k). Determine l(0).
-20
Let o(p) = p**3 + 6*p**2 + p - 3. Let j be (-6)/(1 + 1 - (-1)/(-1)). Give o(j).
-9
Let z = 5 - 3. Let n(p) = p**2 + 4*p - 3*p**z + p**2 - p. Give n(3).
0
Let w(b) = -b - 10. Let p(i) = -5*i - 40. Let n(l) = 2*p(l) - 9*w(l). Determine n(0).
10
Let y(r) = -2*r + 7. Let z = 33 - 27. Determine y(z).
-5
Let f(c) be the third derivative of c**6/120 - c**5/30 - c**4/8 + c**3/3 - 7*c**2. What is f(2)?
-4
Let n(z) = -z**3 - z**2 + z + 1. Let w(q) = -4*q**3 - q**2 + q + 2. Let g be 1 + (2 - 2) + 0. Let f(x) = g*n(x) - w(x). Give f(1).
2
Let d = -49 + 48. Let a(l) = 8*l**2 + l. Determine a(d).
7
Let z(s) = -s**3 + 7*s**2 - 6*s + 6. Suppose 2*b - 8 = 4. What is z(b)?
6
Let z(b) = b**2 + 2*b + 1. Let f be z(-3). Let p(g) = -g**3 + 4*g**2 + g + 5. Give p(f).
9
Let q(u) = -u + 10. Let y(p) = 2*p. Let f(j) = q(j) - y(j). What is f(8)?
-14
Let z be 5/(-3) + 1 - (-22)/6. Let s(q) = -q**3. Let t(a) = -4*a**3 - 2*a**2 - 5*a + 2. Let o(i) = 5*s(i) - t(i). Give o(z).
4
Let v(j) be the third derivative of -1/12*j**4 + 0 - 2/3*j**3 + 0*j - 2*j**2. Let n = 3 - 6. Give v(n).
2
Suppose 5 - 17 = 4*y. Let w(i) be the third derivative of i**6/120 + i**5/30 - i**4/12 + 2*i**3/3 + 3*i**2. Determine w(y).
1
Let k(f) = f**3 + 2*f**2 + 2*f + 3. Suppose 2*o = y - 3*o - 13, -3*y = -2*o. Give k(y).
-1
Let p(n) = -n**2 - 4*n - 3. Let t be p(-2). Let r be (t + 1)/(2/5). Let m = r - 6. Let w(l) = -2*l**3 - 2*l**2 - l. What is w(m)?
1
Let i(q) = q**2 + 5*q + 8. Let z(c) = -c. Let s = -3 + 9. Let u(j) = s*z(j) + i(j). Give u(0).
8
Let a(q) be the second derivative of q**5/20 + q**4/12 + 2*q**2 + 4*q. Let k = 8 + -12. Let u = k + 4. Determine a(u).
4
Suppose 4*n = 4*b - 12, 2*b - n = 11 - 3. Let o = b + -8. Let m(a) = 3 + 23*a**2 - 5*a**2 + a**3 + 5*a - 13*a**2. Determine m(o).
6
Let w = 10 + -5. Let a(m) = -m**3 + 6*m**2 - 6*m + 6. Calculate a(w).
1
Let i(w) = 2*w - 2. Let p be i(2). Let q(f) = -3 - 4*f - 2*f**2 + f**p + 2*f**2. Let m = -9 + 14. Calculate q(m).
2
Let v be 4/(-6) - (-8)/3. Let l be 3/((3 - v)/2). Let o(t) = -t**3 + 5*t**2 + 5*t + 2. Determine o(l).
-4
Let j(n) = n + 5. Let x be j(-2). Suppose -6*k + 3*k - 1 = -5*f, -5*f - 2 = -4*k. Let l(t) = -3*t**f - 5*t**3 - 3*t**3 + 5*t**x + 4*t**2. Calculate l(1).
-2
Let z(c) = c - 5. Let r(m) be the third derivative of 1/12*m**4 + 1/6*m**3 - 1/120*m**6 + 0*m + 0 + 0*m**5 - m**2. Let j be r(-1). Calculate z(j).
-5
Let x = -106 + 112. Let b(i) be the third derivative of -1/60*i**5 + 0 + 0*i - 2*i**2 - 1/6*i**3 + 1/120*i**x + 1/24*i**4. Determine b(1).
0
Let n(t) be the third derivative of 4*t**2 - 1/6*t**4 - 1/2*t**3 + 0*t + 1/60*t**5 + 0. Let f be 1/(-4) + (-34)/(-8). What is n(f)?
-3
Let j = -3 + 4. Let y(h) = 2*h + 2 - h + 0*h + j. Determine y(-2).
1
Suppose -5*n + 25 = 5*w, 5*n - 25 = -5*w + 2*n. Suppose 4*b - 8 = -5*i, 5*i + w*b = 6 + 4. Let h(x) = x**3 - x**2 + x - 3. Calculate h(i).
-3
Let d be (-3)/(-1)*(-4 - (-8 + 5)). Let x(g) = -g. Give x(d).
3
Let d(n) = 4*n**2. Let q be d(-1). Let r be 3/(-6)*(-6 + q). Let c(u) = -5*u - 1. What is c(r)?
-6
Let a(n) be the second derivative of n**3/6 + n**2 - 4*n. What is a(4)?
6
Let k(v) = -v**2 - 7*v + 4. Suppose 2 = 2*w + 16. Calculate k(w).
4
Let i(t) be the third derivative of -t**6/240 + t**5/120 + t**4/6 - 6*t**2. Let g(l) be the second derivative of i(l). What is g(5)?
-14
Suppose z + 9 = -3*j + 2*j, 4*z - 5*j = 9. Let m(a) = -a**3 - 4*a**2. What is m(z)?
0
Let c be ((-16)/(-28))/((-4)/(-14)). Let w(d) = d**3 + d**2 - 4*d**2 + 2 - c*d**2 + 2*d - 2*d**3. What is w(-5)?
-8
Let a(q) = -q**2 - 14*q**3 - 3*q**2 - 3 - 5*q + 13*q**3. Give a(-3).
3
Let r(q) = -q**3 - 4*q**2 - 2*q - 2. Let h(c) be the second derivative of c**4/12 + 5*c**3/3 - 15*c**2/2 - 7*c. Let z be h(-11). Determine r(z).
6
Let i(u) be the second derivative of -u**4/12 - u**3/6 - 3*u**2/2 + 3*u. Determine i(-3).
-9
Let o(b) = 5*b + 3. Let a(i) = 14*i + 9. Let g(k) = 6*a(k) - 17*o(k). Suppose x + 0*x = -4. Let v be (3/x)/((-5)/20). Determine g(v).
0
Suppose -3*i + 0*i + 18 = 0. Let b(j) = -4 + i + 0 + j. What is b(0)?
2
Let i = -13 + 9. Let x be 1/(1*1/2). Let t(o) = -1 - 6*o**2 + o**3 + x*o**2 - 2*o**3. What is t(i)?
-1
Let g(t) = t**2 + 7*t + 4. Let l(c) = c + 1. Let s = -16 + 11. Let d(a) = s*l(a) + g(a). Determine d(2).
7
Suppose 33 = 6*o + 3. Let y(n) = -n**3 + 6*n**2 - 6*n + 4. What is y(o)?
-1
Let k(h) be the first derivative of h**4/4 - 5*h**3/3 - 3*h**2/2 + 7*h - 9. Determine k(5).
-8
Let u(o) = o**3 + 5*o**2 + 2*o + 4. Let f = -22 + 17. Calculate u(f).
-6
Let u(s) = 5 - s**2 + 6*s - 6*s. Suppose -3*m - 2*v = -2*m - 6, -3*m + 4*v - 12 = 0. Let g be u(m). Let w(n) = -n**3 + 5*n**2 + 2*n - 4. Calculate w(g).
6
Let s be (-2)/(2 + 2)*0. Let n(d) be the first derivative of s*d + 3 + 1/2*d**2. Determine n(-3).
-3
Let i(q) = 3 + 3*q + 5*q - 5*q. Let c be i(-2). Let l(j) = -5*j - 3*j + 5*j - 